{"id":354,"date":"2016-11-03T17:58:44","date_gmt":"2016-11-03T17:58:44","guid":{"rendered":"http:\/\/lawyer2.mythemecloud.io\/?page_id=354"},"modified":"2016-11-03T17:58:44","modified_gmt":"2016-11-03T17:58:44","slug":"fale-conosco","status":"publish","type":"page","link":"http:\/\/caballeroadv.com.br\/?page_id=354","title":{"rendered":"Fale Conosco"},"content":{"rendered":"<h2>Entre em Contato<\/h2>\n<p>Estamos dispon\u00edveis para ajudar no seu caso. Preencha o formul\u00e1rio para receber atendimento com maior agilidade.<\/p>\n<form action=\"\/wp-admin\/admin-ajax.php#wpcf7-f510-o3\" method=\"post\" novalidate=\"novalidate\">\n<input type=\"hidden\" name=\"_wpcf7\" value=\"510\" \/><br \/>\n<input type=\"hidden\" name=\"_wpcf7_version\" value=\"5.1.7\" \/><br \/>\n<input type=\"hidden\" name=\"_wpcf7_locale\" value=\"en_US\" \/><br \/>\n<input type=\"hidden\" name=\"_wpcf7_unit_tag\" value=\"wpcf7-f510-o3\" \/><br \/>\n<input type=\"hidden\" name=\"_wpcf7_container_post\" value=\"0\" \/><br \/>\n<input type=\"text\" name=\"your-name\" value=\"\" size=\"40\" aria-required=\"true\" aria-invalid=\"false\" placeholder=\"Seu Nome\" \/><br \/>\n<input type=\"email\" name=\"your-email\" value=\"\" size=\"40\" aria-required=\"true\" aria-invalid=\"false\" placeholder=\"Seu Email\" \/><br \/>\n<select name=\"menu-142\" aria-invalid=\"false\"><option value=\"Direito Civil\">Direito Civil<\/option><option value=\"Direito de Fam\u00edlia\">Direito de Fam\u00edlia<\/option><option value=\"Direito Previdenci\u00e1rio\">Direito Previdenci\u00e1rio<\/option><option value=\"Direito Trabalhista\">Direito Trabalhista<\/option><option value=\"Media\u00e7\u00e3o e Concilia\u00e7\u00e3o\">Media\u00e7\u00e3o e Concilia\u00e7\u00e3o<\/option><\/select><\/p>\n<p><textarea name=\"your-message\" cols=\"40\" rows=\"10\" aria-invalid=\"false\" placeholder=\"Descreva seu Caso\"><\/textarea><\/p>\n<p style=\"text-align: center; margin: 0;\"><input type=\"submit\" value=\"Enviar Solicita\u00e7\u00e3o\" \/><\/p>\n<\/form>\n<p>\t\t\t\t\t\t\t<a href=\"https:\/\/www.facebook.com\/caballeroadvogados\" target=\"_blank\" rel=\"noopener noreferrer\"><br \/>\n\t\t\t\t\tFacebook-f<br \/>\n\t\t\t\t\t\t\t\t\t<\/a><br \/>\n\t\t\t\t\t\t\t<a href=\"https:\/\/www.instagram.com\/caballeroadvogados\/\" target=\"_blank\" rel=\"noopener noreferrer\"><br \/>\n\t\t\t\t\tInstagram<br \/>\n\t\t\t\t\t\t\t\t\t<\/a><br \/>\n\t\t\t<iframe frameborder=\"0\" scrolling=\"no\" marginheight=\"0\" marginwidth=\"0\" src=\"https:\/\/maps.google.com\/maps?q=Rua%20da%20Consola%C3%A7%C3%A3o%2C%20222%2C%2020o%20andar%2C%20conj.%202009%2C%20Centro%2C%2001302-000&amp;t=m&amp;z=14&amp;output=embed&amp;iwloc=near\" aria-label=\"Rua da Consola\u00e7\u00e3o, 222, 20o andar, conj. 2009, Centro, 01302-000\"><\/iframe>\t\t<\/p>\n<p><strong>Endere\u00e7o:<\/strong><br \/>Rua da Consola\u00e7\u00e3o, 222, 20oandar, <br \/>Conj. 2009, Centro, 01302-000<\/p>\n<p><strong>Telefones:<\/strong><br \/>(11) 3257-4151<br \/>(11) 3256-7857<br \/>(11) 3120-5540<br \/>(11) 97433-9212<\/p>\n<p><strong>E-mail:<\/strong><br \/>contato@caballeroadv.com.br<\/p>\n","protected":false},"excerpt":{"rendered":"<p>Entre em Contato Estamos dispon\u00edveis para ajudar no seu caso. Preencha o formul\u00e1rio para receber atendimento com maior agilidade. Direito CivilDireito de Fam\u00edliaDireito Previdenci\u00e1rioDireito TrabalhistaMedia\u00e7\u00e3o e Concilia\u00e7\u00e3o Facebook-f Instagram Endere\u00e7o:Rua da Consola\u00e7\u00e3o, 222, 20oandar, Conj. 2009, Centro, 01302-000 Telefones:(11) 3257-4151(11) 3256-7857(11) 3120-5540(11) 97433-9212 E-mail:contato@caballeroadv.com.br<\/p>\n","protected":false},"author":2,"featured_media":0,"parent":0,"menu_order":0,"comment_status":"closed","ping_status":"closed","template":"","meta":{"footnotes":""},"class_list":["post-354","page","type-page","status-publish","hentry"],"_links":{"self":[{"href":"http:\/\/caballeroadv.com.br\/index.php?rest_route=\/wp\/v2\/pages\/354","targetHints":{"allow":["GET"]}}],"collection":[{"href":"http:\/\/caballeroadv.com.br\/index.php?rest_route=\/wp\/v2\/pages"}],"about":[{"href":"http:\/\/caballeroadv.com.br\/index.php?rest_route=\/wp\/v2\/types\/page"}],"author":[{"embeddable":true,"href":"http:\/\/caballeroadv.com.br\/index.php?rest_route=\/wp\/v2\/users\/2"}],"replies":[{"embeddable":true,"href":"http:\/\/caballeroadv.com.br\/index.php?rest_route=%2Fwp%2Fv2%2Fcomments&post=354"}],"version-history":[{"count":0,"href":"http:\/\/caballeroadv.com.br\/index.php?rest_route=\/wp\/v2\/pages\/354\/revisions"}],"wp:attachment":[{"href":"http:\/\/caballeroadv.com.br\/index.php?rest_route=%2Fwp%2Fv2%2Fmedia&parent=354"}],"curies":[{"name":"wp","href":"https:\/\/api.w.org\/{rel}","templated":true}]}}