{"id":1635,"date":"2020-02-28T14:47:06","date_gmt":"2020-02-28T17:47:06","guid":{"rendered":"http:\/\/www.caballeroadv.com.br\/?page_id=1635"},"modified":"2020-02-28T14:47:06","modified_gmt":"2020-02-28T17:47:06","slug":"profissionais","status":"publish","type":"page","link":"http:\/\/caballeroadv.com.br\/?page_id=1635","title":{"rendered":"Profissionais"},"content":{"rendered":"<h3>s\u00f3cios<\/h3>\n<h3>Gioconda Maria Gl\u00f3ria Caballero da Rocha<\/h3>\n<p>Advogada, formada em Direito pela FMU \u2013 Faculdades Metropolitanas Unidas em 1982, especialista em Direito e Processo do Trabalho e Direito Previdenci\u00e1rio pela mesma institui\u00e7\u00e3o.<\/p>\n<p>\t\t\t\t\t\t\t\t\t\t\t\t<img decoding=\"async\" width=\"1000\" height=\"668\" src=\"https:\/\/www.caballeroadv.com.br\/wp-content\/uploads\/2019\/10\/Caballero-Advogados-13.jpg\" alt=\"\" loading=\"lazy\" srcset=\"https:\/\/www.caballeroadv.com.br\/wp-content\/uploads\/2019\/10\/Caballero-Advogados-13.jpg 1000w, https:\/\/www.caballeroadv.com.br\/wp-content\/uploads\/2019\/10\/Caballero-Advogados-13-300x200.jpg 300w, https:\/\/www.caballeroadv.com.br\/wp-content\/uploads\/2019\/10\/Caballero-Advogados-13-768x513.jpg 768w\" sizes=\"auto, (max-width: 1000px) 100vw, 1000px\" \/><br \/>\n\t\t\t\t\t\t\t\t\t\t\t\t<img decoding=\"async\" width=\"1000\" height=\"668\" src=\"https:\/\/www.caballeroadv.com.br\/wp-content\/uploads\/2019\/10\/Caballero-Advogados-29.jpg\" alt=\"\" loading=\"lazy\" srcset=\"https:\/\/www.caballeroadv.com.br\/wp-content\/uploads\/2019\/10\/Caballero-Advogados-29.jpg 1000w, https:\/\/www.caballeroadv.com.br\/wp-content\/uploads\/2019\/10\/Caballero-Advogados-29-300x200.jpg 300w, https:\/\/www.caballeroadv.com.br\/wp-content\/uploads\/2019\/10\/Caballero-Advogados-29-768x513.jpg 768w\" sizes=\"auto, (max-width: 1000px) 100vw, 1000px\" \/>\t\t\t\t\t\t\t\t\t\t\t\t\t\t<\/p>\n<h2>Amanda Caballero da Rocha<\/h2>\n<p>Mediadora, conciliadora, professora e advogada, aprovada no Exame Unificado da OAB 2010.1, formada em Direito pela FMU \u2013 Faculdades Metropolitanas Unidas em 2010. P\u00f3s-Graduada pelo Instituto Presbiteriano Mackenzie em Direito Processual Civil. Mediadora Judicial pelo Centro Mediar &amp; Conciliar. P\u00f3s-Graduanda em Direito Previdenci\u00e1rio pela Escola Paulista de Direito. P\u00f3s- Graduanda em Direito Sist\u00eamico e Constela\u00e7\u00f5es Familiares pela Hellinger Schue. Especialista em Direito e Processo Civil (Contratos, Responsabilidade Civil, Direito de Fam\u00edlia e Sucess\u00f5es), Direito do Consumidor, Direito e Processo do Trabalho. <\/p>\n<p>\t\t\t\t\t\t\t\t\t\t\t\t<img decoding=\"async\" width=\"1000\" height=\"668\" src=\"https:\/\/www.caballeroadv.com.br\/wp-content\/uploads\/2019\/10\/Caballero-Advogados-75.jpg\" alt=\"\" loading=\"lazy\" srcset=\"https:\/\/www.caballeroadv.com.br\/wp-content\/uploads\/2019\/10\/Caballero-Advogados-75.jpg 1000w, https:\/\/www.caballeroadv.com.br\/wp-content\/uploads\/2019\/10\/Caballero-Advogados-75-300x200.jpg 300w, https:\/\/www.caballeroadv.com.br\/wp-content\/uploads\/2019\/10\/Caballero-Advogados-75-768x513.jpg 768w\" sizes=\"auto, (max-width: 1000px) 100vw, 1000px\" \/>\t\t\t\t\t\t\t\t\t\t\t\t\t\t<\/p>\n<h2>Felipe Caballero da Rocha<\/h2>\n<p>Advogado, aprovado no VIII &#8211; Exame Unificado da OAB 2012, formado em Direito pela FAAP \u2013 Funda\u00e7\u00e3o Armando \u00c1lvares Penteado. Especialista em Direito Civil (Contratos, Responsabilidade Civil, Direito de Fam\u00edlia e Sucess\u00f5es), Direito do Consumidor e Direito Societ\u00e1rio. Diversas p\u00f3s gradua\u00e7\u00f5es e extens\u00f5es;<\/p>\n","protected":false},"excerpt":{"rendered":"<p>s\u00f3cios Gioconda Maria Gl\u00f3ria Caballero da Rocha Advogada, formada em Direito pela FMU \u2013 Faculdades Metropolitanas Unidas em 1982, especialista em Direito e Processo do Trabalho e Direito Previdenci\u00e1rio pela mesma institui\u00e7\u00e3o. Amanda Caballero da Rocha Mediadora, conciliadora, professora e advogada, aprovada no Exame Unificado da OAB 2010.1, formada em Direito pela FMU \u2013 Faculdades [&hellip;]<\/p>\n","protected":false},"author":1,"featured_media":0,"parent":0,"menu_order":0,"comment_status":"closed","ping_status":"closed","template":"","meta":{"footnotes":""},"class_list":["post-1635","page","type-page","status-publish","hentry"],"_links":{"self":[{"href":"http:\/\/caballeroadv.com.br\/index.php?rest_route=\/wp\/v2\/pages\/1635","targetHints":{"allow":["GET"]}}],"collection":[{"href":"http:\/\/caballeroadv.com.br\/index.php?rest_route=\/wp\/v2\/pages"}],"about":[{"href":"http:\/\/caballeroadv.com.br\/index.php?rest_route=\/wp\/v2\/types\/page"}],"author":[{"embeddable":true,"href":"http:\/\/caballeroadv.com.br\/index.php?rest_route=\/wp\/v2\/users\/1"}],"replies":[{"embeddable":true,"href":"http:\/\/caballeroadv.com.br\/index.php?rest_route=%2Fwp%2Fv2%2Fcomments&post=1635"}],"version-history":[{"count":0,"href":"http:\/\/caballeroadv.com.br\/index.php?rest_route=\/wp\/v2\/pages\/1635\/revisions"}],"wp:attachment":[{"href":"http:\/\/caballeroadv.com.br\/index.php?rest_route=%2Fwp%2Fv2%2Fmedia&parent=1635"}],"curies":[{"name":"wp","href":"https:\/\/api.w.org\/{rel}","templated":true}]}}